115 - -2)*(2 - (-9)/(-3)) is divided by 24?
17
Let r = 35 + -15. Calculate the remainder when 59 is divided by r.
19
Let w = 13 + -19. Let v(p) = -p - 10. Calculate the remainder when (-8)/w*9/6 is divided by v(-11).
0
Let g(c) = -4*c - 1. Let q be 8/30*3*-5. What is the remainder when 44 is divided by g(q)?
14
Let g = 39 + 194. Suppose -g = -5*y + 107. Calculate the remainder when y is divided by 18.
14
Let z(c) = 8*c + 1. Let f(m) = -15*m - 2. Let w(x) = -3*f(x) - 5*z(x). What is the remainder when w(7) is divided by 393/21 - (-2)/7?
17
Let b = -6 - -99. What is the remainder when b is divided by 5?
3
Suppose -5*f - p = -3*p - 149, 5*p + 68 = 2*f. What is the remainder when 57 is divided by f?
28
Let a(p) = -p**2 - 7*p + 10. Calculate the remainder when 4 is divided by a(-8).
0
Let h = 67 - 42. Let r = -41 - -73. Let l = -23 + r. What is the remainder when h is divided by l?
7
Let l = 446 + -312. What is the remainder when 4/6 + l/6 is divided by 8?
7
Let i = -3 + 6. Calculate the remainder when i/9*-11*-3 is divided by 4.
3
Let x = 5 - -6. Let s = -17 + x. Let y(i) = -i**3 - 7*i**2 - 10*i - 8. What is the remainder when 30 is divided by y(s)?
14
What is the remainder when 30 is divided by 1 - (15/(-1) - 0)?
14
Suppose 0 = -3*x - y + 95, 3*x - 3*y = 2*y + 65. Calculate the remainder when x is divided by 7.
2
Suppose 0 = -2*v + 5*v + y + 15, 5*v = -y - 27. Calculate the remainder when 15 is divided by 3/(-2 - 15/v).
3
Let r(s) = s**2 + 8. Suppose 3*x = -5*f + 2, -2*f + 0 + 2 = x. Calculate the remainder when r(x) is divided by 15.
14
Let c(m) = -5*m**3 - m**2. Let g be c(1). Let v be (g/3 - -11)*-1. Let u(q) = -q**3 - 10*q**2 - 14*q - 9. Calculate the remainder when u(v) is divided by 19.
17
Suppose c + 53 = 2*c + 2*t, 2*t - 8 = 0. Let j = 5 + c. Suppose -g - g + j = 0. Calculate the remainder when g is divided by 13.
12
Let y(b) = b**2 - 4*b - 8. Suppose 13*j - 18*j + 75 = 0. Calculate the remainder when j is divided by y(6).
3
Calculate the remainder when 11 is divided by 450/105 - (-4)/(-14).
3
Suppose 4*l - 3*l - 2 = 0. What is the remainder when 1*-2*(10/2 + -6) is divided by l?
0
Let y = 25 + -8. Calculate the remainder when y is divided by 9.
8
Let x = -31 - -53. Calculate the remainder when 84 is divided by x.
18
Let z(p) = 2*p**2 + 3*p + 4. Calculate the remainder when z(-3) is divided by 5.
3
Let m(s) = s + 2. Let j be m(2). Suppose -54 = -j*b + 30. Calculate the remainder when b is divided by 12.
9
Let k(f) = 9*f**2 - 5*f + 0*f**2 - 3 + 9 - 8*f**2. Let z(c) = 2*c**2 + c. Let s be z(-2). What is the remainder when k(s) is divided by 7?
5
Suppose v = -v + 20. Calculate the remainder when 17 is divided by v.
7
Suppose 4*d - 6 = -2. What is the remainder when 49 is divided by (-2 + d)/(2/(-26))?
10
Let s be -2 + (-9)/(-5 + 2). Suppose -6*n + 11 + s = 0. What is the remainder when n is divided by 2?
0
Let o(v) = -v. Let x be o(-5). Suppose -r = 4*q - 7, 8 + x = q + 4*r. What is the remainder when 6 + q*(-1)/1 is divided by 3?
2
Let j(r) = -r + 4. Let w = -5 + 1. Let h be j(w). Let k = h - -53. What is the remainder when k is divided by 21?
19
Suppose 0 = -2*d - 2*d + 16. Suppose d*v = -5 + 21. Suppose v*a - 100 - 64 = 0. Calculate the remainder when a is divided by 14.
13
Suppose 0 = q + q - 10. Suppose 5*u - 82 = -2*g, -3*g - q*u = -75 - 38. What is the remainder when g is divided by 30/4 - (-1)/2?
7
Let c = 2 - -10. What is the remainder when c is divided by ((0 - 15)*2/3)/(-2)?
2
Suppose u + x + 5 = 16, -15 = -5*x. Suppose 0*t - 4*t + 32 = 0. Suppose -t*b = -3*b - 115. What is the remainder when b is divided by u?
7
Calculate the remainder when (2 + -6)*(0 - 2) is divided by 8 + -2 + (-2 - -1).
3
What is the remainder when 62 is divided by (-4)/(-5) - (-456)/30?
14
Let u(v) be the second derivative of v**5/20 + v**4/4 - v**3/3 - 2*v**2 - 2*v. Calculate the remainder when 5 is divided by u(-3).
1
Suppose 0 = 3*o + 2 - 44. Let b(u) = -u**3 - u**2 + 3*u + 4. Calculate the remainder when b(-4) is divided by o.
12
Suppose 6 = g - 39. Calculate the remainder when g is divided by 1/(-7) - 170/(-14).
9
Let k = 3 + -2. What is the remainder when 35 + 3*(-1)/k is divided by 11?
10
Let n = -4 + 18. What is the remainder when 237 is divided by n?
13
Let n(v) = -14*v**2 + 2*v - 2. Let b be n(2). Let y = 77 + b. What is the remainder when y is divided by (-210)/(-27) + 2/9?
7
Suppose 4*r - 16 = 2*r. Suppose 8*m - 15 = 3*m. Suppose 4*k = -y + m*y - r, y = 3*k - 1. Calculate the remainder when 40 is divided by y.
12
Let a be (1/2)/(3/36). Let f be ((-18)/(-12))/(a/16). Suppose -70 = -f*m + 5*b, -3*m + 58 = -5*b + 4*b. What is the remainder when m is divided by 7?
6
Let w(u) = -u**3 - 5*u**2. Let s be w(-5). What is the remainder when (s + -3)/((-2)/6) is divided by 5?
4
Let m(v) = -v - 2. Let s = 12 - 4. Suppose l - 73 = -4*i - 4*l, i + s = 4*l. Calculate the remainder when i is divided by m(-9).
5
Let o be (-2)/(-15) + 7407/135. Suppose -2*u = 3*u - o. What is the remainder when 31 is divided by u?
9
Suppose -23 = -5*y + 52. Suppose 2*f = -2*f + 32. What is the remainder when y is divided by f?
7
Let i(k) = -5*k - 2*k**2 - 4 + 6*k**2 + k**3 + 9. Suppose -2*z - 6 = w - z, 0 = 2*z + 2. What is the remainder when 8 is divided by i(w)?
3
Let f = 8 - -12. Suppose 0 = 2*b + 4 - f. What is the remainder when 23 is divided by b?
7
Let u(a) = -54*a**3 - 2*a**2 + 1. Let l(h) = -16*h. Let v be l(1). Let y = v - -34. Calculate the remainder when u(-1) is divided by y.
17
What is the remainder when 37 is divided by 18/(-12)*(-1)/(3/42)?
16
Let v(s) = -26*s**3 - s**2 - 3*s - 3. Calculate the remainder when v(-1) is divided by 9.
7
Let k = -61 + 85. Suppose 0 = -s - 2*s + 132. Suppose 4*z - s = 8. What is the remainder when k is divided by z?
11
Let z be ((-2)/3)/(10/(-45)). Let k(l) = 0*l**3 + 8*l + 6*l**2 - l**z - 1 + 1. What is the remainder when k(7) is divided by 3?
1
Let m = 85 - 48. What is the remainder when m is divided by 20?
17
Let y = 127 - 74. Let h = -27 - -41. Calculate the remainder when y is divided by h.
11
Let u(i) = 19*i**2 + 2*i - 1. Let b be ((-32)/20)/(2/(-10)). Suppose 2*d - 6 = b. What is the remainder when u(1) is divided by d?
6
Let h(z) = z**2 + 6 + 2*z**2 + 4*z - 2*z**2. Let x = -1 + 5. Calculate the remainder when h(-5) is divided by x.
3
Let g = -1 - -3. Let o(u) = 2*u - 3. Let q be o(g). Calculate the remainder when 29 is divided by 1 + q - (-6 + -2).
9
Let p be 2/9 - (-12)/(-54). Suppose -g = -h + 4, 2*h - 16 - 1 = 5*g. What is the remainder when p - -2 - (-1 - -1) is divided by h?
0
Suppose d + 3*i - 22 = 0, 5*d - 5*i + 38 = 108. Suppose -r + 12 = -d. Suppose v = -v + r. Calculate the remainder when v is divided by 5.
4
Suppose -4*h + 132 = -0*h. What is the remainder when h is divided by 12?
9
Let g(a) = 2*a**2 + 2 + 2*a**2 + 3*a**2. Suppose -2*s + 22*s - 160 = 0. What is the remainder when g(2) is divided by s?
6
Suppose 0*r - 3*r = -93. Let p(x) = x**2 - x + 5. Calculate the remainder when r is divided by p(3).
9
Calculate the remainder when 16 is divided by (2 + -10 - -2)/(-1).
4
Suppose -4*l + 104 = 4*i, -5*l + 125 = 5*i - l. What is the remainder when i is divided by 11?
10
Suppose -5*w = -5, 6*w - w - 59 = -3*t. Suppose -c + f = -t, 3*c + 4*f - 117 = -2*c. What is the remainder when c is divided by 8?
5
Let b be (-1 - 0)/(1/(-2)). Suppose 5*v + 3*f - 115 = 0, -f + 2*f = b*v - 46. Calculate the remainder when v is divided by 13.
10
Suppose -2*s + k = -24, 0 = -0*s + 4*s + 2*k - 48. What is the remainder when 20 is divided by s?
8
Let h(t) = 6*t + 28. Calculate the remainder when h(14) is divided by 38.
36
Suppose -2*g + 3*d + 35 = 2*g, 0 = d + 1. Suppose 6*s = 2*s. Let y = g - s. Calculate the remainder when y is divided by 3.
2
Let z = 76 - 51. Calculate the remainder when 72 is divided by z.
22
Let r(u) = u**2 + u - 1. Let x be r(-2). Let b be (x - -3) + (-2 - -2). Suppose 20 + b = 2*y. What is the remainder when 35 is divided by y?
11
Suppose -9*d + 25 = -4*d. Suppose -6*x + x = -45. What is the remainder when d is divided by (12/x)/((-4)/(-6))?
1
Let j(b) = -b**2 - b + 84. Let g be j(0). Suppose 4*x + f + 3*f - g = 0, x - 31 = 4*f. Let t = -27 + 35. Calculate the remainder when x is divided by t.
7
Suppose -3*b + 1